alse
Let u(o) = -187*o**2 + 4*o + 5. Let x be -9*(-1)/6*-4. Let i(c) = 374*c**2 - 9*c - 11. Let k(s) = x*i(s) - 13*u(s). Is k(-2) a prime number?
False
Let c = 1768046 - 1006491. Is c composite?
True
Let d = 19788 + 362855. Is d prime?
True
Let s be (-8928)/60 - (-2)/(-10). Let h = s - -75. Let j = 345 - h. Is j a composite number?
False
Let f(o) = -5928*o + 466. Is f(-64) composite?
True
Let b be -9 - 156 - (-6 - (-1 - 1)). Let v = 1066 + b. Is v prime?
False
Suppose v + 4*g - 5411 = 0, 0 = v - 79*g + 82*g - 5408. Is v composite?
False
Suppose 56 - 68 = -3*b. Suppose 0*a = b*a - 3*q - 35, -5*a = -2*q - 35. Suppose 2344 = a*y + 3*t, 0 = -2*y + 4*t + 882 + 40. Is y a composite number?
False
Suppose -5*j + 0*j = -5*c - 30, -2*c - 10 = -j. Suppose -3*s - 19048 = -j*o, -5*o + 3*o + 4*s = -19046. Is o a composite number?
True
Suppose 1 = -2*q + 13. Suppose -3*h = 5*g - 9, -q*g + 2*h = -3*g - 13. Suppose -j + 2*r = 2*j - 275, -263 = -g*j - r. Is j a composite number?
False
Suppose 234*p - 232*p + 2378 = 0. Let v = 3512 + p. Is v composite?
True
Suppose -v + 2*t + 54923 = 0, 17*v - 274537 = 12*v - 3*t. Is v composite?
True
Let p(h) = -h**2 + 40*h + 25. Let q be p(41). Is (q + 14)/(-8)*(103363 + 1) composite?
False
Let p(q) = 194*q**3 + q**2 - 8*q + 10. Let f be p(2). Let a = f - -489. Is a composite?
False
Let k(u) = -5*u - 33. Let h be k(-7). Suppose 5*r = -2*w - 0*w - 3, 3*r = h*w + 11. Let m(o) = 16*o**2 - 4*o - 3. Is m(w) a prime number?
True
Let l be (1*-3)/((-3)/382). Let n(o) = o**3 + 7*o**2 + 12*o + 13. Let w be n(-5). Suppose -w*t + l = 43. Is t a composite number?
False
Let p(i) = 2*i**3 + 13*i**2 + 6*i + 8. Let g = -43 - -37. Let r be p(g). Is (91/(-2))/((-4)/r) composite?
True
Suppose 21*k - k - 3026740 = 0. Is k composite?
False
Let v = -777 - -777. Suppose h = 5*p - 16277 - 3534, 2*h - 8 = v. Is p prime?
False
Let d be (-21)/7 + (2/1 - -392). Let a = d + 691. Is a a prime number?
False
Let a = 72 + -72. Suppose -2*r - 5*c + 20 = 0, a = 4*r + 5*c - 16 - 4. Suppose r*s - 564 = -4*s. Is s a composite number?
True
Suppose 685243 = 2*l - 142*z + 137*z, -z = -3. Is l a prime number?
False
Suppose 18*h - 57*h + 1092 = 0. Is -22 + h + -1 + 1134 prime?
False
Let z = -46 + 48. Suppose z*m = 3*m. Suppose h - 89 - 38 = m. Is h a composite number?
False
Let y(j) = 4*j**2 - 36 - 22 + 1305*j + 0*j**2 - 1317*j. Is y(15) prime?
False
Let i(w) be the second derivative of -145*w**4/12 - w**3/2 + w**2/2 - 23*w. Let g be i(-2). Let p = -242 - g. Is p a composite number?
False
Suppose 2*x + 49675 - 23570 = 183651. Is x prime?
False
Suppose -168*l + 2653437 = -30*l - 1615869. Is l prime?
True
Is ((-26638)/(-8))/((-124)/(-496)) a prime number?
False
Suppose 2101 = -4*g + 2141. Suppose -20*s = -g*s - 71230. Is s a prime number?
False
Let r = -1742 - -14185. Is r a prime number?
False
Suppose -21 = -9*v - 39. Is (-13558)/v*(-3)/(-4 + 1) prime?
True
Suppose -2245321 = -5*w - 4*b, 1753*w + b + 898105 = 1755*w. Is w a prime number?
False
Suppose 38*j - j = -888. Is 2/8 + (-6)/j*31971 a composite number?
False
Let b be (1 + -2)/(6/(-2 - 4)). Suppose -2*g + b = -3. Is -8 + 4 - (-1125 - g) a composite number?
False
Let c be (20/(-12))/((-20)/72). Let b(h) = 117*h**2 - 7*h - 2. Let z be b(c). Suppose 2063 = 2*w - 5*r, z = 4*w + 3*r + r. Is w prime?
True
Let a(w) = 2044*w**2 + 11*w - 11 - 5*w + 9*w - 3*w + 896*w**2. Is a(1) composite?
True
Let b be (1 + 19/5)*(-23 + 18). Is 17336/3 - b/72 a composite number?
False
Suppose -4*c + c = g + 2592, 5*g + 13024 = c. Let i = -1239 - g. Suppose 0*d + i = d + 4*m, 2*d - 3*m = 2719. Is d a prime number?
True
Suppose 146 = 13*y + 94. Suppose -1087 - 6805 = -y*h. Is h composite?
False
Suppose 0*s - 6 = -2*s. Let p(k) = 25*k**2 - 12*k + 1. Let c be p(-12). Suppose -8*w = -s*w - c. Is w a composite number?
True
Suppose -92*k - 556564 - 1278180 = -100*k. Is k composite?
False
Let z(a) = 4*a - 2. Let k be z(5). Suppose k*w - 14*w = -8. Is (2/(w/239))/(-1 - 0) composite?
False
Let i(j) = -30299*j + 1861. Is i(-24) a composite number?
False
Suppose 5*v = -4*x + 493686, -23*x + 24*x = 4*v + 123411. Is x a prime number?
True
Let a(c) = 4*c**3 - 13*c**2 - 12*c + 16. Let y(p) = -3*p**3 + 12*p**2 + 9*p - 17. Let o(w) = -6*a(w) - 7*y(w). Let q be -2 + -7 + 1/1. Is o(q) a prime number?
True
Suppose 5 = 2*l - 7*l, -l + 36223 = 4*b. Suppose -9150 = -2*x + b. Is x prime?
True
Let n(v) = 18*v**2 + 9*v - 17. Let l = -473 - -469. Is n(l) prime?
False
Suppose -i + 12337 = 3*k, -3*k + 49294 = -7*i + 11*i. Is i a composite number?
True
Let j = 35 + -30. Suppose 2*f + 2*z - 816 = 0, f - 3*z = -j*z + 403. Is f composite?
True
Let k(i) = 1355*i - 269. Let r be k(9). Let a = r + -5013. Is a a composite number?
True
Suppose -2*s + 3*f = -1703, -2*f + 271 = -5*s + 4501. Let d = 4221 - s. Is d a prime number?
False
Let x(a) = 244*a**2 - 554*a + 61. Is x(27) prime?
False
Let i = -8 + 376. Suppose 123 - i = -7*z. Suppose z*d = 30*d + 2785. Is d composite?
False
Is (211037190/(-45))/(-13) + 15/9 a prime number?
True
Is (2220741 - (-10)/(-5)*-1) + 12 a prime number?
False
Let u = -6394 - -2271. Let x = u - -7764. Is x prime?
False
Suppose -t + 5*n = 6, -t - t = 3*n - 14. Is t + (-29218)/(-6) + 5/15 composite?
True
Let p = -46 + 46. Suppose -24 = -5*v - 3*o - 7, p = -4*v - 3*o + 13. Is (5020/(-8))/(1/(-2)) + v a prime number?
True
Let y(d) = -9*d**2 - 106*d + 2. Let t be y(-12). Is 55/t + (-11851)/(-2) a composite number?
False
Suppose 216*o = 226*o - 9130. Is o a composite number?
True
Let i(y) = -y**2 + 9*y - 18. Let x be i(5). Suppose -21793 = -k - x*k + 2*r, 5*k = -3*r + 36328. Is k a prime number?
False
Suppose 1871118 = 6*b - 228750. Is b a composite number?
True
Let b = -131 + 2416. Suppose -h + b = -4*j, -4*h - 15*j + 9245 = -10*j. Is h composite?
True
Suppose 30*d - 43*d - 24531010 = -27*d. Is d a prime number?
False
Let r(b) = b**3 - 18*b**2 + 18*b - 11. Let z(j) = -6*j - 49. Let l be z(-11). Let v be r(l). Let k = 77 - v. Is k composite?
False
Suppose 1386000 = 40*k + 998560 - 2210520. Is k prime?
False
Let q(d) = -d**3 - 16*d**2 + 18*d + 8. Let b be 11*(-4)/4 + (-1 - 2). Let s be q(b). Let h = s - -890. Is h a prime number?
False
Suppose -4*b - 11*n + 9587 = -8*n, -3*b = -3*n - 7185. Suppose -18533 = -9*g - b. Is g prime?
False
Let z = 100049 + -70392. Is z composite?
True
Let m(q) = q**3 - 822 + 1490 + 0*q + 1025 + 3*q + q**2. Is m(0) a composite number?
False
Let c = 0 - -20. Let n = 313 - c. Is n composite?
False
Let f(p) = 4*p**3 - p - 2. Suppose 0*a = a - 2. Let u be f(a). Is u*(1796/16 + 2) a composite number?
True
Suppose -1657097 = -3*y + 2*p + 15016, 2*p - 1114732 = -2*y. Is y composite?
False
Let u(x) = 30 + 24 + 177*x - 12*x - 43. Is u(12) a prime number?
False
Let f(i) = -10*i**3 - 26*i**2 + 11*i + 57. Is f(-14) composite?
False
Suppose -t = -h + 6*h - 1878713, -2*t + 1502968 = 4*h. Is h composite?
False
Let p = 2156 + -2017. Is p prime?
True
Let r(i) = -i**3 + 4*i**2 + 4*i + 10. Let h be r(5). Suppose -15355 = -5*t + h*y, 5*y + 2737 = t - 334. Is t a prime number?
False
Let p be (-1)/3*(0 - 9). Let c be 16 + -19 + p*-6. Let k = 34 + c. Is k prime?
True
Suppose 5*v = -5*c + 461000, -262468 - 198534 = -5*c - 3*v. Is c prime?
False
Is 12 + (-1 - 6) + 38028 prime?
False
Let i(o) = -3*o**3 + 2*o**2 - 4*o. Let h be (45/10)/((-9)/12). Let u be i(h). Let x = u + -233. Is x a prime number?
False
Let z = -3006 - -7719. Is z a prime number?
False
Let a be (-4)/(-8) - 18/(-4). Suppose 2*i + 10 = 0, -c + 2*i - 2445 = 5*i. Is 3/(c/(-485) - a) composite?
True
Suppose 4*q = 3*c + 324, 9*q + 5*c = 12*q - 254. Let r = 145 + q. Is r a prime number?
True
Let m = 216338 + -135909. Is m a prime number?
True
Let k = 346 - 339. Is k*(-2)/((-56)/14172) a prime number?
False
Suppose 7 = -o + 2. Let r(n) = -806*n - 22. Let u be r(o). Suppose -4*j = l - 5*l - u, l = 4*j - 3993. Is j a prime number?
True
Let c(t) = -285*t**3 + 4*t**2 + 5*t + 2. Let d be c(-2). Let w = d + 8621. Suppose w - 33492 = -11*r. Is r prime?
True
Let n be 20 + -18 + 1*-400. Let t = n - -1317. Is t a composite number?
False
Let n = -38 + 57. Let w(m) = -m**2 + 20*m - 29. Let g be w(n). Let i = g - -79. Is i a composite number?
True
Suppose 2*z - 2*l - 583 = 79, -5*z - 5*l = -1615. Let q = -2